 (-23 + 2).
11
29 - 28 - (-2 + -1 + -27)
31
Calculate 159 + (-127 - 46) - (1 - (3 + 1)).
-11
Evaluate 1 + (9 + -3 - 13).
-6
What is the value of (-43 - -23 - -26) + 20?
26
Calculate (-7 - (0 - (-7 + 5) - 25)) + 1.
17
What is the value of 13 + -34 - 1 - -6 - 10?
-26
What is the value of (-5 - (-17 - (-6 - 1))) + 5?
10
What is (-11 - -3 - -20 - 25) + 8?
-5
What is the value of -4 + 6 - (-11 + 18) - -17?
12
What is 2 + 5 - (-1 + 0 + 24)?
-16
What is the value of -3 + 14 + (11 - -11) - (3 - -3)?
27
Evaluate 9 + 16 + 9 - 26.
8
Evaluate 1 + (-15 - 1) + (-8 + 3 - 7).
-27
What is the value of 10 + (-11 - (17 - 21))?
3
Evaluate -1 + 8 - (-17 - -23) - 10.
-9
-2 + (3 - -6) + -4 + -1 + -4
-2
3 + 41 + (-1 - 65)
-22
Calculate (2 - (5 - 3)) + -12 + 16 + -1.
3
Evaluate (-17 - 2) + (22 - 15).
-12
-15 + (15 - (5 + 3)) + (0 - -16)
8
Calculate 6 - (-2 + 3) - (2 + 13).
-10
What is the value of (-5 - (5 - 3)) + (-2 - -7)?
-2
What is the value of 15 + -2 + 16 - 50?
-21
What is the value of -2 + (-15 + 24 + -28 - (-8 + -1))?
-12
Calculate 15 - -3 - (-23 + 16 + 11 + 2).
12
(204 - 189) + (5 - -10)
30
Calculate 22 + 13 + -19 + -12 + 8.
12
Calculate 25 + -6 + -15 - (2 + (-1 - 7)).
10
What is the value of -460 + 444 - (-5 + 0)?
-11
Calculate 9 + 30 + (3 + -17 - (-14 + 4)).
35
Evaluate (-8 + 21 - 19 - (-2 - 0)) + -3.
-7
What is the value of -12 + 35 + -12 + -8?
3
-1 + -6 + 24 + -10 - (-1 + -5)
13
Evaluate (-24 - -4 - -46) + -23.
3
Calculate -25 + (-4 - 5 - (9 + -29)).
-14
What is 21 - (-1 + 3 + -3 + -4 + 10)?
16
Evaluate 0 + 15 + 6 + 10 + -22.
9
Evaluate (-3 - 3 - -10) + -32 + 16.
-12
Calculate (40 - -30 - 62) + (10 + 2 - 1).
19
Calculate (-3 - -18 - -7) + (3 - 0).
25
15 + (-26 - -43) + -8
24
Calculate (-2 - -1) + -4 + 2 + 4 - 4.
-3
What is the value of (-13 - (-15 - -14)) + 6?
-6
What is the value of (2 - 4) + 8 + 4 + 0 + -4?
6
-5 - 5 - (11 + -7 + -6)
-8
Evaluate 4 + (-3 - -5) + 34 + -20.
20
What is the value of (17 - 45) + 19 + 12?
3
What is the value of 3 + 3 + (-12 - -21 - 31 - 6)?
-22
What is the value of 5 + -43 + 6 + 1 + 6 - -1?
-24
What is 14 + 1 + -10 - (-8 - (-2 - -5))?
16
(-10 - -16) + (4 - 5)
5
17 + -15 + 6 + -21
-13
What is the value of 1 - -1 - (3 + -9 + (15 - -10))?
-17
What is the value of 8 + -4 + 5 + 2 + -7 + 11?
15
What is the value of -16 - (-20 + 9 + -9)?
4
What is the value of 10 - (-7 - (-7 + -14 + 9))?
5
Calculate (-26 - -66) + -64 - (1 - 2).
-23
-17 + (-1 - 2) - (-23 - -13)
-10
What is -12 + 12 - (1 + -3) - (-2 + -2)?
6
Evaluate -14 - (29 + (-1 - 18)).
-24
(-11 - 1) + (-7 - (-9 + 1)) + -2
-13
Calculate -2 + 4 + 0 - (-28 + 11 - -18).
1
What is -4 - (2 + 5 - 13) - (2 + -2)?
2
Calculate -11 + -7 + 17 - (-21 - 9).
29
What is -644 + 644 - ((-10 - 0) + -2)?
12
Evaluate -8 - (2 - 1) - (75 + -77).
-7
Evaluate 13 + -5 + 4 + -5 + 4 + 1.
12
Calculate -12 + 2 + 2 + (3 - (-11 + 2)).
4
Evaluate (2 - 27) + (-12 - (9 + -34)).
-12
Calculate 24 - (12 + -1) - 10 - (2 + -9).
10
What is (-12 - (-7 - 30)) + (5 + -12 - -1)?
19
Evaluate 7 + -4 + (10 - 6) - (-13 + 10).
10
Evaluate 74 + -58 - (5 + 8).
3
What is -2 + -1 + (5 - (12 + -1)) - 0?
-9
What is 3 + 6 + -19 + 0?
-10
What is the value of -4 + 5 + 7 + (-28 - -38)?
18
0 - (1 + -1) - ((6 - -3) + -13)
4
What is the value of (3 - -1) + (-29 - (2 - -8)) + 9?
-26
Calculate (1 + 2 - (-37 + 45)) + 1.
-4
Calculate (-5 - 17) + 11 + 7.
-4
What is the value of -7 - -6 - -8 - (2 - (12 + -1))?
16
32 + -25 + 15 - (1 + 5)
16
Calculate 9 + -27 - -13 - (-3 - 1).
-1
What is the value of -7 + 17 - (3 - 43 - -19)?
31
Evaluate (5 - 7 - (-1 + 4)) + 23 + -25.
-7
16 + -6 + -5 - 0
5
Evaluate (9 - -4) + -15 + 12.
10
Evaluate 8 + -1 - (-35 + 18 + 22).
2
What is the value of 18 - (44 + -19) - (1 + 9)?
-17
7 - ((-20 - -7 - -6) + 7 + -2)
9
What is the value of 10 + (7 - 31 - 11)?
-25
What is 12 + (-11 + 1 - (43 + 40 + -85))?
4
-20 - (4 - (-25 + 22))
-27
Calculate -301 + 295 - (-1 + 0).
-5
What is the value of 4 - (-4 - -4) - (-8 - -16) - -14?
10
What is the value of 4 + (12 - (-1 - (-8 - -2)))?
11
Evaluate (18 + -31 - -17) + 2 + -6 + -2.
-2
Calculate (13 - 4) + (-4 - -10) + 5.
20
Calculate (-40 - -50) + (0 - (4 + -6)) + -1.
11
What is (6 - 1) + (-10 - -4) - 1 - -6?
4
(3 + -3 - 9) + 1
-8
Calculate 5 + (6 - (1 - (-15 - -7))) - 25.
-23
What is the value of -11 + 11 + (-1 - -1) - (6 + 0)?
-6
Calculate (-5 + 1 - (-23 - (6 + -1))) + 4.
28
Evaluate (-3 - (-11 + 6 + -7)) + 4 + 2.
15
(29 - (18 - -14)) + (-8 - (0 + -1))
-10
What is (8 - (-17 - -20)) + (-1 - 8) + 8?
4
Evaluate 1 + -17 - (-26 + 23 - 1).
-12
Evaluate 7 + -31 + 14 + (-1 - -9).
-2
What is (1 - (2 + -1)) + -1 + -1219 + 1211?
-9
Evaluate (19 - 46) + 32 - (-10 + 0 + 2).
13
Evaluate 2 + -7 + -1 + -1 + -72 + 65.
-14
Evaluate -22 + 7 + (0 - -1) - -5.
-9
What is -17 - (5 + 15 + -62)?
25
Calculate 2 - (-22 + -13 + 30).
7
Calculate 31 - (26 + -13) - (7 - 7).
18
What is (-36 - (-20 - -3)) + 10?
-9
-26 - 24 - -48 - (1 - 17)
14
(-5 - 2 - 6) + (-2 - (-20 + 12))
-7
Evaluate (-13 - -2) + -157 + 159.
-9
Calculate 6 + -7 + -4 + -1 - -12.
6
Calculate -3 + 6 - (-19 - -22 - -2).
-2
What is the value of (44 - 30 - 16) + (2 - 4 - -23)?
19
What is the value of (-23 - 6) + (3 - 0 - (-85 + 88))?
-29
(-7 - -2) + (-5 - -4) + 13 + -2
5
Evaluate -3 - ((-1 - 5 - -4) + 10).
-11
-30 + -3 + 3 + 5 - (38 - 39)
-24
-21 - (9 - 18) - -22
10
What is the value of -26 + (-11 + 9 - (-5 + -3))?
-20
180 + -177 - (-3 + -1 + -2)
9
Evaluate 5 + (-11 - (0 + 6 + -3 + -8)).
-1
What is (36 + -32 - (4 - 1)) + (5 - 5)?
1
What is the value of (14 - 41 - -15) + 5?
-7
What is 8 + 0 - (-25 - -17)?
16
What is the value of (-6 - -1 - (0 - 3)) + 44 + -49?
-7
What is the value of (165 - 155 - (41 - 0)) + (4 - 6)?
-33
Evaluate (37 - (48 + -32)) + 4.
25
What is (-28 - -26) + (-4 - (5 - 20)) - -7?
16
What is the value of 0 + 19 + (-67 - -55)?
7
What is -42 - (28 + -26 + -14)?
-30
What is the value of 192 + -177 - (-2 + 17)?
0
3 - (-2 - 4) - (-119 + 120)
8
Calculate (9 - 7 - 4) + -11 - 0.
-13
Evaluate 2 - (-6 + 1 + 2 + 7).
-2
Evaluate (9 - (-37 - -37)) + 1 + 1 + -2.
9
Evaluate 5 + -22 - (12 - (9 - 9 - -6)).
-23
Evaluate -6 + (1 + -4 - (10 + -15)).
-4
Evaluate -41 - -41 - (12 + -5 + 3).
-10
What is the value of -13 + 6 + 3 - -4 - (-8 + -4)?
12
4 + (-43 + 32 - (3 - 2 - 0))
-8
What is (576 - 580) + -19 + -1?
-24
What is 2 - -6 - (-7 + (5 - 0 - 2))?
12
Evaluate (1 - 10) + -10 + 11 + 37.
29
What is the value of -5 + (1 - 1) - (250 + -260)?
5
16 + -16 - 10 - (5 + -1 + 0)
-14
What is -15 + (4 - 0 - -11)?
0
Evaluate 2 - (21 - 32 - (1 + 2) - -5).
11
0 + 7 + (7 - (35 - 34))
13
(0 + -3 - 2) + (-55 - -49)
-11
What is the value of 22 + -12 - (-23 - (-7 - 8))?
18
(-160 - -152) + -1 + 1 + -3
-11
Calculate (-1 - 0 - 0) + (-47 - -42).
-6
(11 - 1) + -6 + 31 + -20
15
Evaluate 1 + -1 + 6 - (-96 - -96).
6
What is (102 - 55) + -24 + 2?
25
What is 13 + -12 - (-1 + 7 - (3 - 3))?
-5
What is the value of 35 + -38 + 11 - 19?
-11
Evaluate 6 + (-10 - -4) - (27 - 32).
5
58 + -63 - (2 - 0 - -2)
-9
Evaluate -29 + -6 + 1 + (-22 - -31) + -5.
-30
What is the value of 0 + -7 + 36 - (39 + -36)?
26
What is the value of 2 + -2 + -5 + 0 + 12 + -2?
5
Calculate 4 - 10 - ((1 - -6) + -18).
5
What is the value of 5 - (31 - 14) - 9?
-21
What is the value of 17 + 6 - (5 - -4)?
14
Evaluate -21 + 5 + (1 - 0 - (7 - 11)).
-11
What is the value of 35 + (14 + -2 - 31 - -16)?
32
What is the value of -78 + 36 + 6 + 2 - -10?
-24
Evaluate 2 - 11 - (1408 - 1448).
31
What is the value of -4 + 43 + -58 + -18?
-37
Calculate 4 - (-3 + 1) - (-10 + 2 - -10).
4
What is the value of -1 + -4 + (-7 - -9)?
-3
Calculate 4 - (-7 + (4 - -2)) - 7.
-2
Evaluate -3 + 11 + (9 - 1) + -5.
11
What is the value of 6 + (-24 - -16 - 10)?
-12
What is (5 - (-19 + 11 + -1)) + 1 + -2?
13
What is (13 - -3) + -33 + 24 + -33?
-26
-3 + (-4 - (16 + -7))
-16
254 - 264 - (-18 + -1)
9
-19 - -10 - (23 - 23)
-9
What is the value of (9 - -15) + (2 - 10) + -11?
5
Evaluate 5 + (-11 - -26) + -25.
-5
Calculate 4 - -2 - (18 - 15).
3
Calculate -3 - (-8 + 0 + (43 - 40)).
2
-14 + 16 + -32 + 14 + 11
-5
What is (-6 - -4) + (1 + 8 + -1 - 0)?
6
What is -23 + 15 + (-11 - -16)?
-3
What is 1 - (-8 - 6) - 15?
0
What is the value of 13 + (10 - 8) + 5 - 8?
12
What is -3 + 2 + 0 + (-21 - (28 - 47))?
-3
Evaluate (0 - (0 + 10)) + (1385 - 1378) - -30.
27
What is -9 - (1 + -